 31d4 (base 16) to base 12.
7470
What is 3536 (base 7) in base 16?
515
Convert 330211 (base 4) to base 2.
111100100101
What is -21122200 (base 3) in base 15?
-19c0
What is -15650 (base 10) in base 13?
-717b
What is 33a (base 14) in base 9?
781
What is 23132 (base 4) in base 10?
734
Convert -1e6 (base 15) to base 8.
-671
What is -743 (base 12) in base 10?
-1059
What is -14711 (base 9) in base 7?
-41212
-626 (base 11) to base 8
-1362
Convert 1a1 (base 13) to base 10.
300
Convert -111112 (base 3) to base 14.
-1c1
Convert -1da8 (base 14) to base 7.
-21601
What is -1ba (base 16) in base 14?
-238
-4762 (base 9) to base 11
-2728
What is 300 (base 5) in base 11?
69
Convert 11000100 (base 2) to base 10.
196
-8872 (base 10) to base 9
-13147
-2210244 (base 5) to base 15
-b4b9
-1031 (base 8) to base 4
-20121
-775 (base 10) to base 14
-3d5
Convert -220 (base 9) to base 7.
-345
-33120213 (base 4) to base 14
-18d71
Convert 1a9 (base 16) to base 15.
1d5
What is 3013 (base 7) in base 6?
4451
Convert -6930 (base 11) to base 14.
-3468
Convert -16021 (base 12) to base 4.
-13212121
40762 (base 9) to base 14
9b11
What is 100031 (base 5) in base 7?
12105
What is -101101010 (base 2) in base 12?
-262
-1350 (base 7) to base 6
-2233
137 (base 14) to base 3
100002
Convert -21347 (base 8) to base 7.
-35023
Convert 123405 (base 6) to base 11.
8430
Convert -b79 (base 12) to base 14.
-87b
243443 (base 6) to base 11
15216
What is 10110110111 (base 2) in base 7?
4160
Convert 11603 (base 9) to base 13.
3705
What is -150 (base 8) in base 4?
-1220
Convert 130540 (base 7) to base 3.
1020022101
Convert 103201 (base 4) to base 14.
653
Convert -6704 (base 9) to base 3.
-20210011
Convert -1070 (base 8) to base 7.
-1441
Convert 4323 (base 5) to base 14.
300
What is 1002 (base 4) in base 14?
4a
Convert -34 (base 9) to base 3.
-1011
-553 (base 10) to base 2
-1000101001
What is -38154 (base 11) in base 15?
-11351
1221 (base 7) to base 15
206
-10010100010000 (base 2) to base 8
-22420
Convert b194 (base 15) to base 13.
140aa
What is 1100524 (base 6) in base 13?
1bb32
What is a846 (base 11) in base 4?
3133320
What is -1436 (base 7) in base 14?
-2c6
-447 (base 10) to base 8
-677
What is -2101111112 (base 3) in base 15?
-ddeb
5353 (base 10) to base 7
21415
2350 (base 6) to base 15
280
-411143 (base 6) to base 11
-22609
Convert 162a (base 12) to base 14.
d58
33002132 (base 4) to base 7
344405
Convert -58415 (base 10) to base 9.
-88115
What is 15235 (base 10) in base 15?
47aa
b10 (base 13) to base 4
131100
4739 (base 10) to base 8
11203
-3d9b (base 14) to base 7
-43554
What is 39443 (base 11) in base 2?
1101110001110001
Convert 244311 (base 5) to base 9.
13717
Convert -1238 (base 10) to base 5.
-14423
Convert -312210 (base 5) to base 11.
-7819
Convert 10a00 (base 11) to base 3.
210202002
What is 1000111100 (base 2) in base 3?
210012
Convert 161 (base 12) to base 15.
e7
-96b3 (base 12) to base 5
-1012201
What is f0c (base 16) in base 7?
14142
Convert 959e (base 16) to base 14.
dd5c
1336 (base 7) to base 15
247
What is -666 (base 14) in base 15?
-596
What is -571 (base 9) in base 10?
-469
What is 311030 (base 4) in base 11?
2615
What is -1232 (base 4) in base 14?
-7c
-403421 (base 6) to base 8
-76245
Convert -9b6 (base 12) to base 2.
-10110011010
1315 (base 6) to base 11
285
What is 1280 (base 10) in base 12?
8a8
What is 1132b (base 12) in base 4?
11212103
Convert -306 (base 11) to base 14.
-1c5
What is 9ad1 (base 14) in base 11?
1918a
415161 (base 7) to base 6
1310420
Convert -678 (base 9) to base 14.
-2bb
What is -555 (base 7) in base 3?
-101120
What is 24a72 (base 11) in base 9?
54213
-7 (base 8) to base 4
-13
16c7 (base 14) to base 7
14640
Convert 1342014 (base 5) to base 7.
143634
551b (base 16) to base 7
120343
1b (base 14) to base 8
31
63 (base 7) to base 3
1200
What is -8 (base 12) in base 11?
-8
What is -22886 (base 12) in base 11?
-31774
What is -11331 (base 6) in base 12?
-b47
17320 (base 9) to base 16
2e95
What is 1111 (base 5) in base 13?
c0
Convert -10841 (base 10) to base 12.
-6335
What is -101032012 (base 4) in base 5?
-4224114
Convert -497b (base 15) to base 9.
-23408
-466 (base 8) to base 15
-15a
Convert -12222121 (base 3) to base 9.
-5877
1100220222 (base 3) to base 12
136b2
What is 11011000001000 (base 2) in base 14?
5080
2413 (base 6) to base 7
1464
What is 1010a (base 12) in base 2?
101000110011010
2b05 (base 14) to base 5
221044
What is -413 (base 14) in base 10?
-801
What is 13103 (base 4) in base 15?
212
What is 500440 (base 6) in base 16?
9888
2502 (base 7) to base 5
12213
-2260 (base 10) to base 4
-203110
-5a20 (base 14) to base 8
-36534
What is -10602 (base 7) in base 12?
-1689
What is 130100 (base 4) in base 16?
710
Convert 301101 (base 4) to base 3.
11022210
What is -202022 (base 3) in base 8?
-1044
Convert -3423 (base 5) to base 11.
-404
Convert 17965 (base 11) to base 9.
37408
Convert 1d5 (base 16) to base 12.
331
What is 1011101001010 (base 2) in base 12?
354a
-20567 (base 9) to base 16
-3514
-12330221 (base 4) to base 12
-14575
Convert 567 (base 13) to base 5.
12210
Convert -1766 (base 14) to base 12.
-2526
-1101012 (base 3) to base 2
-1111101100
-1a120 (base 11) to base 15
-84ce
-15727 (base 9) to base 3
-112210221
-2146 (base 8) to base 4
-101212
20212 (base 11) to base 5
1421122
-7cdd (base 15) to base 4
-12132211
What is b50a (base 12) in base 13?
8ca4
-11111111 (base 2) to base 5
-2010
-440 (base 5) to base 6
-320
Convert 37a9 (base 13) to base 2.
1111011101001
2200200200 (base 3) to base 14
15452
What is -1da (base 15) in base 2?
-110101110
69a (base 11) to base 2
1101000011
What is 500 (base 7) in base 14?
137
Convert -254 (base 7) to base 3.
-12002
Convert -178 (base 9) to base 13.
-b9
What is 134142 (base 5) in base 6?
41403
Convert 1000022 (base 3) to base 10.
737
Convert -255 (base 15) to base 6.
-2242
What is 1b9 (base 15) in base 9?
483
Convert -984 (base 13) to base 7.
-4515
Convert -122101 (base 3) to base 12.
-331
Convert 1724 (base 10) to base 11.
1328
-8ce (base 16) to base 10
-2254
What is 17266 (base 11) in base 16?
5ed0
-81a (base 11) to base 2
-1111011101
What is -52635 (base 7) in base 13?
-5bcb
What is -253155 (base 6) in base 14?
-8411
1dd7 (base 15) to base 14
2526
Convert -411443 (base 6) to base 5.
-2022122
What is 101101001 (base 2) in base 15?
191
1560 (base 7) to base 13
396
What is 11111101011 (base 2) in base 15?
902
9b14 (base 14) to base 3
1100212012
1766 (base 12) to base 13
1386
What is -1010101111111 (base 2) in base 13?
-2674
What is -60304 (base 7) in base 10?
-14557
Convert -aa6 (base 14) to base 2.
-100000111010
Convert -11112210 (base 3) to base 2.
-110011110011
Convert 10101011001 (base 2) to base 15.
614
Convert 592 (base 10) to base 9.
727
26233 (base 7) to base 4
1231012
215233 (base 6) to base 8
43145
Convert -1590 (base 16) to base 10.
-5520
Convert -2906 (base 13) to base 11.
-44a3
What is -1a2 (base 11) in base 14?
-129
What is -14302 (base 5) in base 11?
-9a3
Convert 291 (base 16) to base 10.
657
What is -20740 (base 10) in base 4?
-11010010
What is -162 (base 11) in base 7?
-360
What is -24535 (base 7) in base 6?
-45501
Convert 1949 (base 11) to base 14.
c89
What is 60243 (base 8) in base 2?
110000010100011
Convert -175 (base 8) to base 5.
-1000
-2343 (base 7) to base 11
-716
Convert -100110011 (base 2) to base 10.
-307
Convert 10331 (base 4) to base 8.
475
-7c2 (base 15) to base 2
-11011011101
What is -10011100010100 (base 2) in base 6?
-114152
-1204 (base 5) to base 12
-12b
Convert 1000000010011 (base 2) to base 11.
3101
Convert -4117 (base 15) to base 11.
-a368
53170 (base 10) to base 15
10b4a
Convert -20366 (base 7) to base 4.
-1032011
-1316 (base 7) to base 2
-111110111
What is -4a776 (base 11) in base 2?
-10001110001100100
492a (base 11) to base 15
1d9a
Convert -22150 (base 6) to base 7.
-12003
Convert -1755 (base 15) to base 12.
-2ab2
Convert 373 (base 8) to base 15.
11b
What is 29122 (base 10) in base 4?
13013002
-156 (base 12) to base 14
-110
Convert 301003 (base 4) to base 9.
4267
10112001011 (base 3) to base 4
100322212
Convert -10111000 (base 2) to base 6.
-504
2732 (base 12) to base 8
10626
Convert 231201 (base 5) to base 10.
8301
1000010210 (base 3) to base 4
10311021
What is 87ba (base 12) in